t s = l - o. Calculate the highest common factor of 70 and s.
14
Let i(h) = 146*h**2 - 10*h + 16. Let u be i(2). Calculate the highest common factor of 29 and u.
29
Let s be 5/(5/6 - 1). Let j = s + 40. What is the greatest common factor of 2 and j?
2
Let h(o) = 3*o**2 - 7*o - 1. Let s be h(5). Let c be ((-45)/(-4))/(s/208). Suppose -c + 0 = -x. What is the greatest common factor of x and 15?
15
Suppose -48 - 72 = -5*m. Let k = -12 + m. Let c(d) = -d**2 - 26*d - 153. Let v be c(-11). Calculate the highest common divisor of k and v.
12
Let k be 83 - -12 - (3 - (4 - 3)). Calculate the highest common factor of 3 and k.
3
Let k(t) = -t**3 + 58*t**2 - 34*t - 87. Let z be k(57). Calculate the greatest common factor of z and 144.
72
Let d(x) = -2*x**2 - 8*x - 4. Let i(g) = g**2 + g. Let m(r) = d(r) + 5*i(r). Let v be m(2). Calculate the greatest common divisor of v and 2.
2
Suppose -9*o + 2*o + 224 = 0. Calculate the highest common divisor of o and 864.
32
Let j(g) = -18*g**2 + 58*g + 1. Let t be j(3). Calculate the highest common factor of 1 and t.
1
Suppose 5*k - 110 = 365. Calculate the highest common factor of 19 and k.
19
Let l = -128 + 158. Calculate the greatest common divisor of 138 and l.
6
Let l(c) = 12*c - 21. Let t(f) = 36*f - 62. Let z(d) = 16*l(d) - 5*t(d). Let k be z(8). Calculate the highest common factor of k and 10.
10
Let m be 66/16 - (-2)/(-16). Suppose -4*b + c + 51 = 0, 71 = m*b - 3*c + 6*c. Let o = b + -5. Calculate the greatest common factor of 72 and o.
9
Let j be (30 + 26 + -14)/(2/9). What is the greatest common factor of 6 and j?
3
Let u be (3/(-27) - 0) + (-289)/(-9). Let z = -147 + 249. Suppose 4*y - y - z = 2*m, -4*m = -4*y + 140. What is the greatest common factor of y and u?
32
Suppose 170 = -22*t + 1050. What is the highest common factor of 30 and t?
10
Suppose 2*j - 5*k + 39 = 3*j, -3*j + 2*k + 66 = 0. Let d = j - 19. Let n = 31 + d. Calculate the greatest common divisor of 90 and n.
18
Let b be 837/36 - 2/8. Let q = 1 + b. Suppose 4*w - 126 = 3*a, -q = -w - 2*a - a. Calculate the greatest common factor of 30 and w.
30
Suppose 4*z + 3068 = 2*a + 6*z, 0 = 4*a - z - 6151. Calculate the greatest common divisor of a and 106.
53
Suppose -5*w + 4*y = -475, -4*y - 178 = -2*w - 0*y. Calculate the greatest common divisor of 22 and w.
11
Suppose -810 = -11*y + 6*y. Calculate the greatest common factor of 18 and y.
18
Suppose 0 = k - 5, 2*a + 28*k = 25*k + 1903. What is the greatest common divisor of a and 80?
16
Let o(w) = 3*w - 1. Let s be o(1). Let h be (s/(-8) - -1)*88. What is the greatest common divisor of h and 165?
33
Suppose 5*b = -0*b + 25. Suppose b*n + 2 = -0*x - x, 48 = 2*x - 3*n. Let s = 22 + x. Calculate the highest common factor of 10 and s.
10
Suppose 0 = d + 5*b - 21, 0 = 7*b - 11*b - 12. Calculate the greatest common divisor of d and 12.
12
Let f(n) = 4 + 21*n - 2*n**2 - 22*n + 4*n**2. Let v be f(-3). Let t be 8/4 + v + -3. What is the greatest common factor of t and 16?
8
Suppose 3*q - 5*x = 0, -6*q = -3*q + 5*x - 30. Let k(t) = 19*t + 2. Let r be k(2). Calculate the highest common divisor of r and q.
5
Let i(b) = -4*b**3 - 3*b - 3. Let r be i(-3). Calculate the highest common factor of 209 and r.
19
Let n be (46 + 10 + -2 + -4)/2. Calculate the highest common divisor of n and 225.
25
Suppose 20 + 18 = -2*g + 5*o, -o = -3*g - 44. Let c be ((-12)/g)/((-66)/(-21) - 3). Calculate the highest common factor of c and 4.
2
Suppose -5 = -2*i + 5, 0 = -5*j + 5*i + 155. Calculate the greatest common factor of 72 and j.
36
Let h be (1 - 8/2) + 1*78. What is the greatest common factor of 200 and h?
25
Let c = -726 - -899. Calculate the highest common factor of 1 and c.
1
Let g be 59868/324 - (-2)/9. What is the greatest common divisor of g and 148?
37
Let j(d) = 2*d**2 + 21. Suppose 0 = 5*g - 2*o - 52, -g + 16 = -4*o + 2. Let a be j(g). Calculate the greatest common factor of 13 and a.
13
Let w = -810 + 813. Calculate the greatest common divisor of w and 21.
3
Suppose 16 = 4*n - t - 3*t, 2*n = 3*t + 5. What is the highest common factor of 14 and n?
7
Let v be 7/(-2)*(58/(-14) - 1). Calculate the greatest common divisor of 18 and v.
18
Let w be ((-2)/3)/((-10)/1305). Suppose w = 3*n - 3*o, -3*n + 4*n - 19 = -4*o. Calculate the greatest common factor of 54 and n.
27
Let b be ((-8)/12)/((-1)/(-471)). Let d = b + 825. Let j be 1/(-2) + d/14. What is the highest common factor of 24 and j?
12
Let o(r) = 12*r - 2. Let m be o(-2). Let j = m - -44. Let b(q) = -q**3 + 3*q**2 + 10*q - 18. Let l be b(4). What is the highest common divisor of j and l?
6
Let g be 1086/16 - 32/(-256). Calculate the greatest common divisor of 221 and g.
17
Let m be 0/(1 + 2) + 3. Let g(f) = 3*f + 2*f**m - 8 + 3*f**3 - 6*f**2 - 4*f**3. Let t be g(6). Calculate the greatest common divisor of 90 and t.
10
Let q(r) = -r**2 + 14*r - 18. Let g be q(12). Suppose 0 = 4*c - 15 - 9. Calculate the greatest common factor of c and g.
6
Let t be 55728/360 - (-1)/5. Calculate the greatest common factor of 2 and t.
1
Let q = 11 + -8. Let m(s) = 2*s - 1. Let v be m(q). Suppose -v*l + 25 = -110. What is the highest common divisor of 216 and l?
27
Let t(l) = -14*l + 278. Let r be t(13). Calculate the highest common divisor of r and 84.
12
Let d be (2/6 - 1)*-108. Suppose -9*o = -6*o - 6. Suppose -o*k + 28 = -68. What is the highest common divisor of k and d?
24
Let j = -655 + 663. Suppose 4*u + 4*s - 80 = 0, 6*s = 3*s. Calculate the highest common divisor of u and j.
4
Suppose -6*r + r + 95 = -3*q, q - 5 = 0. Suppose -3*t = -12, z = 3*z - 2*t - r. What is the highest common divisor of 3 and z?
3
Let f = -270 + 350. What is the highest common factor of f and 40?
40
Let h(z) = -53*z - 5. Let c be h(-5). Let a be 4/(-18) + c/(-45). Let v be (6/a)/(2/(-16)). What is the greatest common factor of 8 and v?
8
Let i = 634 - 439. What is the highest common factor of i and 13?
13
Let h(c) = -34*c - 19. Let m be h(-1). What is the highest common factor of 405 and m?
15
Suppose 0 = 76*n - 87*n + 2607. What is the greatest common divisor of n and 316?
79
Suppose 8*z - 10*z = 660. Let t be (z/(-45))/(2/21). Let r(n) = -n + 5. Let j be r(-6). What is the highest common factor of j and t?
11
Let c = -871 + 1078. Calculate the highest common factor of c and 23.
23
Let z = 7 - 41. Let c = 57 + z. Calculate the highest common factor of 207 and c.
23
Let n be (-10)/(((-12)/(-332))/(-3)). Suppose 13*q - n = -50. Calculate the greatest common factor of q and 5.
5
Let q be -6 + 1 - (-1215)/5. What is the greatest common factor of 42 and q?
14
Suppose 249 = 5*j - l, 0 = j + j + 5*l - 105. Calculate the greatest common divisor of j and 275.
25
Let l = -55 + 77. Suppose l = 2*a - n - 30, -a + 29 = n. Let c = -15504 - -15801. Calculate the highest common divisor of a and c.
27
Let m be 107 + -45 + -3*2. Calculate the highest common factor of m and 434.
14
Let p = 538 + -493. Let z(c) = 359*c**3 + 2*c**2 - 1. Let f be z(1). Calculate the highest common divisor of p and f.
45
Let f(h) = -h**3 + 9 - 3*h**3 + 8*h**2 + 8*h + 3*h**3 + 10. Let d be f(8). Let r = d + -35. What is the greatest common divisor of r and 6?
6
Let i = 293 - 202. Let o(u) = -11*u - 53. Let t be o(-6). Calculate the highest common divisor of i and t.
13
Let s(r) = -260*r**3 + 2*r**2 - 5*r - 6. Let l be s(-1). What is the greatest common factor of 58 and l?
29
Let z = 8 - -3. Let s be -26*(462/(-4))/21. What is the greatest common divisor of z and s?
11
Let y(c) = -4*c**2 - 2*c + 8. Let b be y(2). Let o be (b/7)/(3 + 46/(-14)). What is the highest common divisor of o and 6?
6
Let j be (0 - (1 + 3))/2*-120. Let d = j - 120. Calculate the greatest common factor of d and 48.
24
Suppose -3*p - 1 = i, 2*i - 15 = -3*i + 5*p. Suppose 0*r + i*r + 3*d = 87, -12 = 4*d. Let y = 874 - 858. What is the greatest common divisor of r and y?
16
Suppose -27 = 4*h - 279. What is the highest common divisor of h and 3?
3
Suppose 52734 = 134*m - 68*m. Calculate the highest common factor of 141 and m.
47
Suppose -9*j = -13*j + 540. Let t = j - 91. What is the greatest common factor of t and 11?
11
Suppose -5*h + 30 = -3*h. Let q = 2164 + -2134. What is the greatest common factor of h and q?
15
Suppose -3*p = -2*p + 7. Let a = 24 + p. Suppose 2*o -